 factor of 15520 and 1529302?
194
What is the greatest common divisor of 24 and 689464?
8
What is the highest common factor of 18287355 and 3390?
1695
Calculate the highest common factor of 2 and 3432199.
1
What is the greatest common factor of 537917 and 890461?
479
What is the greatest common factor of 612502 and 384712?
5062
What is the highest common factor of 114142 and 132026?
526
What is the highest common factor of 128574647 and 1681?
1681
What is the highest common divisor of 104976 and 1440261?
243
What is the highest common divisor of 218831984 and 48?
16
What is the greatest common divisor of 170 and 551570?
10
Calculate the greatest common factor of 85126857 and 458.
229
Calculate the highest common divisor of 1924730 and 290.
290
What is the greatest common factor of 39411130 and 173?
173
What is the highest common divisor of 141897 and 3219?
87
What is the greatest common divisor of 252 and 14819469?
21
Calculate the greatest common factor of 28 and 1585182172.
28
Calculate the greatest common factor of 3046398 and 18486.
474
What is the greatest common factor of 4902660 and 630?
630
Calculate the highest common factor of 262470260 and 650.
130
What is the highest common divisor of 120 and 5144235?
15
Calculate the highest common divisor of 22500 and 11116800.
900
Calculate the highest common factor of 4871862 and 1224.
18
Calculate the greatest common divisor of 808 and 45352.
8
What is the greatest common divisor of 7 and 3793899?
1
What is the highest common divisor of 208 and 6266288?
16
Calculate the greatest common divisor of 2388354 and 12.
6
Calculate the greatest common factor of 6178709 and 76671.
1217
What is the highest common divisor of 4353964 and 7847?
1121
What is the greatest common divisor of 2198 and 88655231?
1099
Calculate the greatest common factor of 1125 and 548150.
25
What is the highest common factor of 195 and 149235?
15
Calculate the highest common factor of 227975689 and 197.
197
Calculate the highest common factor of 3357 and 16668624.
1119
What is the highest common factor of 8849312 and 42968?
1048
What is the greatest common divisor of 142200 and 130745?
395
Calculate the highest common divisor of 681974 and 98480.
2462
What is the greatest common factor of 1032610 and 35030?
310
What is the greatest common divisor of 357258762 and 20260?
2026
What is the greatest common divisor of 13 and 5023252?
13
Calculate the highest common factor of 3809 and 39792330.
293
What is the greatest common factor of 1337249 and 309?
103
Calculate the highest common divisor of 145190 and 9830.
10
Calculate the highest common divisor of 126 and 5659218.
18
What is the highest common divisor of 65283 and 18233403?
1389
What is the greatest common divisor of 399108 and 648?
12
What is the highest common factor of 2388 and 7393845?
597
Calculate the greatest common factor of 13801114 and 29903.
1759
What is the highest common factor of 13851 and 166839?
57
Calculate the greatest common divisor of 2129 and 29287.
1
What is the highest common factor of 3935 and 1055?
5
Calculate the highest common factor of 9042 and 3837856.
22
What is the highest common divisor of 52887 and 15921?
183
What is the greatest common factor of 1499553 and 34425?
1377
Calculate the greatest common divisor of 12937 and 2616318.
761
Calculate the greatest common divisor of 109455 and 150120.
15
Calculate the greatest common divisor of 825566 and 634816.
1526
What is the greatest common factor of 3081009 and 4?
1
Calculate the greatest common divisor of 23794870 and 220.
110
Calculate the greatest common divisor of 8230116 and 1596.
228
What is the greatest common factor of 54656 and 1910398?
854
What is the greatest common divisor of 49794 and 72154?
86
Calculate the greatest common factor of 463388 and 11780.
124
What is the greatest common divisor of 728 and 14954744?
56
What is the greatest common divisor of 32 and 154660416?
32
What is the greatest common factor of 83224 and 51500?
412
Calculate the highest common factor of 2282 and 4923415.
1141
Calculate the greatest common divisor of 7405042 and 1926.
214
What is the highest common factor of 33 and 5563943?
11
Calculate the greatest common divisor of 1911 and 85085.
91
What is the highest common factor of 28512 and 4674186?
1782
What is the greatest common factor of 5455 and 211080?
5
Calculate the greatest common divisor of 5474 and 256105.
391
Calculate the greatest common divisor of 2772 and 464772.
924
Calculate the greatest common factor of 4545 and 61246905.
1515
Calculate the highest common divisor of 303 and 226556130.
303
Calculate the greatest common divisor of 931177 and 182.
13
Calculate the highest common divisor of 236087780 and 1420.
1420
What is the highest common factor of 1755690180 and 90?
30
Calculate the highest common factor of 9658088 and 704.
88
Calculate the highest common factor of 141502 and 1090278.
1018
What is the highest common divisor of 867307 and 31?
1
Calculate the greatest common factor of 240 and 1749584.
16
What is the greatest common divisor of 20357904 and 119?
7
Calculate the highest common factor of 672 and 127785.
21
What is the greatest common factor of 8676 and 224775?
9
What is the highest common divisor of 34 and 49144246?
34
Calculate the greatest common divisor of 256 and 10057856.
128
Calculate the greatest common factor of 544 and 43216224.
32
What is the highest common factor of 188 and 146824?
4
What is the highest common factor of 7531542 and 2106?
162
Calculate the greatest common divisor of 10317658 and 26.
26
What is the greatest common factor of 915 and 2932026?
183
Calculate the highest common factor of 3102 and 293703.
141
Calculate the greatest common factor of 8175755 and 280.
35
Calculate the highest common factor of 319774 and 40014.
26
What is the highest common factor of 1673895 and 36555?
15
What is the greatest common factor of 674178668 and 92?
92
What is the highest common factor of 21895 and 2305?
5
What is the greatest common divisor of 856696 and 35984?
1384
What is the greatest common factor of 7904799 and 226407?
1389
Calculate the greatest common divisor of 10361 and 1799434.
13
What is the highest common divisor of 931697 and 5960?
149
What is the highest common divisor of 3588 and 87531951?
897
What is the highest common divisor of 22422381 and 1252?
313
Calculate the highest common divisor of 1332 and 145780.
148
Calculate the greatest common divisor of 33320 and 23732000.
680
What is the greatest common divisor of 324 and 40465188?
36
Calculate the highest common divisor of 45349 and 542841.
449
What is the greatest common divisor of 2686075 and 125?
25
Calculate the greatest common factor of 85695 and 328135.
145
Calculate the highest common factor of 17798335 and 5.
5
What is the highest common factor of 287 and 83243489?
287
Calculate the greatest common divisor of 59040 and 77940.
180
Calculate the highest common factor of 104 and 475544.
8
What is the greatest common divisor of 25520552 and 8?
8
What is the greatest common factor of 77 and 32644997?
77
What is the highest common factor of 32 and 4896454?
2
Calculate the highest common factor of 1129891483 and 14.
7
What is the greatest common divisor of 59130 and 1289520?
810
What is the greatest common divisor of 8280 and 103910?
10
Calculate the highest common factor of 107311451 and 169.
169
Calculate the greatest common divisor of 209778427 and 687.
229
What is the highest common divisor of 1227255765 and 15?
15
What is the highest common divisor of 2878600 and 1175?
25
Calculate the highest common factor of 23849869 and 1977.
659
What is the highest common factor of 547675 and 39425?
475
What is the greatest common factor of 81020895 and 255?
255
Calculate the greatest common divisor of 362183 and 5595.
373
Calculate the greatest common factor of 1455672 and 1305660.
5556
Calculate the highest common divisor of 311 and 81694413.
311
What is the greatest common divisor of 80631075 and 254695?
13405
Calculate the greatest common factor of 552 and 18384.
24
What is the highest common divisor of 210 and 76216581?
21
What is the greatest common factor of 1368879 and 9?
3
Calculate the highest common divisor of 4657745 and 68.
17
Calculate the highes